mon factor of 45973404 and 360.
36
What is the highest common divisor of 1030971 and 1073076?
1203
Calculate the greatest common factor of 41535 and 9556495.
65
What is the greatest common factor of 1540 and 233895816?
308
What is the highest common divisor of 308028 and 15561?
399
What is the greatest common factor of 4414627 and 448329?
4039
What is the greatest common divisor of 56518 and 17039?
11
Calculate the highest common divisor of 13275 and 298785.
15
Calculate the greatest common factor of 32368320 and 224.
32
What is the highest common factor of 1744 and 2556752832?
1744
Calculate the highest common factor of 10350303 and 439.
439
Calculate the highest common divisor of 31 and 639570331.
31
What is the greatest common divisor of 39 and 3594642?
3
What is the greatest common factor of 19788 and 5667?
3
Calculate the greatest common divisor of 38895 and 33960.
15
What is the highest common divisor of 2233096 and 32?
8
What is the greatest common factor of 353835 and 33885?
135
Calculate the highest common factor of 1787656482 and 278.
278
Calculate the highest common divisor of 9815 and 9053.
1
What is the highest common divisor of 22331 and 3040715?
137
What is the highest common divisor of 21616628 and 1109?
1109
What is the highest common divisor of 81424605 and 85840?
5365
Calculate the highest common factor of 863586 and 720.
18
What is the greatest common divisor of 12928729 and 3245?
649
Calculate the highest common factor of 370141761 and 99.
33
What is the highest common factor of 33224 and 9896?
8
What is the greatest common factor of 138756 and 217?
31
Calculate the highest common factor of 407552 and 634368.
512
What is the highest common factor of 6097 and 1550302?
13
Calculate the highest common divisor of 57826 and 355.
1
What is the highest common factor of 360 and 51707820?
60
What is the greatest common divisor of 46980 and 49320?
180
What is the highest common factor of 9 and 18901611?
9
Calculate the greatest common factor of 13547 and 8917460.
589
What is the highest common factor of 970524 and 98640?
36
Calculate the highest common divisor of 24000 and 272.
16
What is the greatest common factor of 6448 and 655278?
806
What is the greatest common factor of 9552379 and 17164?
613
Calculate the greatest common factor of 52275 and 3372783.
2091
Calculate the greatest common factor of 238336 and 656992.
1568
What is the highest common divisor of 70 and 13468994?
14
What is the greatest common divisor of 234433 and 10251?
67
What is the greatest common divisor of 16319841 and 798?
57
What is the greatest common factor of 110 and 12198070?
10
Calculate the highest common factor of 1796067 and 161637.
903
Calculate the highest common factor of 3896505 and 131487.
3207
Calculate the highest common divisor of 1742729 and 365.
73
Calculate the greatest common factor of 56592 and 2942460.
108
Calculate the greatest common factor of 313116 and 1702156.
388
Calculate the greatest common factor of 72 and 5230404.
36
What is the greatest common divisor of 42936745 and 230?
115
What is the highest common factor of 13793 and 243217?
13
What is the greatest common divisor of 84344 and 34632?
104
What is the highest common factor of 252 and 109783170?
126
What is the highest common factor of 37306785 and 399?
57
Calculate the highest common divisor of 30 and 1642310.
10
Calculate the greatest common factor of 153272 and 4959927.
1127
Calculate the greatest common divisor of 52048141 and 139368.
5807
What is the greatest common divisor of 914486 and 638?
58
Calculate the highest common factor of 23654916 and 40500.
324
Calculate the greatest common factor of 327472 and 163154.
194
Calculate the greatest common factor of 1650553332 and 19.
19
Calculate the greatest common factor of 2839 and 73098739.
167
Calculate the highest common divisor of 76846 and 378.
14
Calculate the greatest common factor of 300579761 and 86.
43
What is the highest common divisor of 464945 and 49335?
1495
Calculate the highest common factor of 5526538 and 2482.
146
Calculate the greatest common divisor of 813 and 28502967.
813
Calculate the highest common factor of 334 and 17028.
2
Calculate the highest common divisor of 412 and 37722514.
206
Calculate the greatest common divisor of 1416766 and 442.
26
What is the highest common divisor of 764832 and 13272?
24
Calculate the greatest common divisor of 5726 and 29624.
14
What is the greatest common divisor of 9 and 2435551?
1
Calculate the greatest common factor of 584 and 2519084.
292
Calculate the greatest common factor of 14968 and 6746826.
3742
Calculate the greatest common divisor of 2055517339 and 7247.
7247
Calculate the greatest common divisor of 616701 and 44419.
1033
What is the greatest common divisor of 1927679 and 938678?
1027
What is the highest common factor of 720512108 and 892?
892
What is the greatest common factor of 21159 and 69749468?
2351
What is the highest common factor of 9093 and 171801?
21
Calculate the greatest common divisor of 105 and 23448735.
15
Calculate the greatest common divisor of 1462740 and 228.
12
What is the highest common factor of 8001168 and 9?
3
Calculate the greatest common factor of 17984 and 45942376.
2248
Calculate the highest common factor of 494862 and 2695890.
7386
What is the highest common divisor of 12224675 and 5?
5
Calculate the greatest common factor of 1928 and 15066597.
241
Calculate the highest common divisor of 155 and 1974276695.
155
Calculate the greatest common divisor of 161 and 54573526.
161
What is the highest common factor of 1316692 and 52?
52
What is the greatest common divisor of 150832 and 30896?
16
What is the highest common factor of 4638833 and 1?
1
What is the highest common divisor of 98075 and 11925?
25
What is the highest common factor of 107326406 and 3817?
3817
Calculate the greatest common factor of 444 and 26293569.
111
Calculate the greatest common divisor of 16197 and 25.
1
Calculate the greatest common factor of 350525 and 2800.
175
Calculate the highest common factor of 521765 and 27715.
1205
What is the greatest common divisor of 8728 and 1208?
8
Calculate the highest common factor of 4155 and 16155.
15
What is the greatest common factor of 6 and 119562?
6
What is the greatest common divisor of 585689095 and 1665?
185
What is the highest common factor of 113 and 132350233?
113
Calculate the greatest common divisor of 15623640 and 5760.
360
Calculate the highest common factor of 75 and 5919075.
75
What is the highest common factor of 6804 and 18762464?
28
Calculate the highest common factor of 60 and 2408515.
5
Calculate the highest common factor of 576531 and 86553.
1467
What is the highest common divisor of 120622 and 7872?
82
Calculate the greatest common factor of 1394 and 566127098.
1394
Calculate the highest common factor of 890857 and 3597.
1199
Calculate the highest common factor of 8838 and 347778.
18
Calculate the highest common factor of 9207327 and 471438.
7143
What is the highest common divisor of 58592 and 643616?
32
Calculate the highest common divisor of 246 and 2295836.
82
Calculate the highest common factor of 2405136 and 1602.
534
What is the highest common divisor of 2031636 and 5474?
782
Calculate the greatest common factor of 630684 and 12576.
12
What is the greatest common divisor of 13302 and 1712052?
18
What is the greatest common factor of 5672465 and 2190?
365
What is the highest common divisor of 5944503 and 358911?
633
What is the greatest common factor of 10818 and 43710129?
5409
Calculate the highest common divisor of 1239 and 19242083.
413
Calculate the highest common divisor of 5605 and 35637711.
1121
What is the highest common factor of 60291 and 196533?
783
Calculate the highest common factor of 60236992 and 10944.
1216
Calculate the highest common factor of 117792 and 15354.
18
Calculate the greatest common divisor of 1265 and 5439247.
253
What is the highest common factor of 48 and 352020?
12
What is the greatest common factor of 903 and 2007111?
129
Calculate the highest common factor of 19742406 and 4636.
2318
Calculate the highest common divisor of 66 and 9196134.
6
What is the highest common divisor of 2045 and 150139810?
2045
What is the greatest common factor of 4387905 and 24